ommon divisor of 90 and w?
10
Let r = 382 + -369. What is the greatest common factor of r and 299?
13
Let l(m) = 20*m**3 - m**2 + m + 1. Let r be l(-1). Let b = r - -36. Let c(z) = -160*z + 1865. Let i be c(11). What is the highest common divisor of b and i?
15
Let c = -250 + 16. Let u = -130 - c. Let m(s) = 6*s + 1. Let q be m(2). Calculate the greatest common factor of u and q.
13
Let v be ((-20)/(-5))/((-24)/(-738)). What is the greatest common factor of 41 and v?
41
Suppose -3*m + 210 = -3*p, 0 = -3*m - 2*p + 118 + 102. Calculate the highest common divisor of 72 and m.
72
Let b be 47 + (9/6)/((-4)/(-8)). Calculate the highest common factor of 120 and b.
10
Suppose 1 + 1 = w. Suppose -2*n - w*n = -64. Let g be n*(3 - 6)/(-6). Calculate the greatest common divisor of 8 and g.
8
Suppose -d = -2*u + 54, -2*u - 4*d + 9 = -45. Calculate the greatest common divisor of u and 297.
27
Let l(v) = 4*v**2 - 10*v + 6. Let c be l(6). Suppose 36 + 675 = 79*q. Calculate the highest common divisor of q and c.
9
Let z be -1 + (16/(-4) - -1). Let w be (-594)/11*10/z. Calculate the greatest common factor of 27 and w.
27
Suppose -118*x + 114*x = -96. What is the highest common factor of 12 and x?
12
Let q = -3826 - -7390. What is the highest common divisor of 36 and q?
36
Let o(l) = 3*l**2 + 3*l - 6. Let d be o(6). Suppose -60 = -2*i - g, 0 = 4*i - g - 2*g - d. Let y = 18 + i. Calculate the greatest common divisor of 12 and y.
12
Let y = 150 + -62. Calculate the highest common factor of 64 and y.
8
Let l = -17 + 8. Let u(n) = n**2 + 5*n + 8. Let i be u(l). What is the highest common divisor of 11 and i?
11
Suppose -4*k + 86 = -66. Suppose 0*n - 2*n + k = 0. Suppose -2*y - d + n = 2*y, -6 = -3*y + 2*d. What is the highest common divisor of y and 16?
4
Suppose -34*n + 6760 = -312. What is the greatest common divisor of n and 39?
13
Suppose -5*y + 110 + 59 = -j, 5*y + 5*j = 145. What is the greatest common divisor of y and 9?
3
Suppose -436 = -4*d + 4*z, -2*d - 4*z = -3*d + 115. Let v = d - 101. What is the highest common factor of 54 and v?
6
Let x(b) = b**2 + 3*b - 4. Let p be x(-4). Let z = p + 78. What is the greatest common divisor of 52 and z?
26
Suppose 4*g = 13*g - 81. Let r(f) = 0*f - 9*f - 6*f**2 - 2*f**2 + 10 + f**3. Let k be r(g). Calculate the greatest common factor of 80 and k.
10
Let h(l) = -l**3 - 11*l**2 + 12*l - 3. Let k be h(-12). Let b be 42/3 + k + 5. Let u be (32/2)/(-4) - -6. Calculate the greatest common divisor of b and u.
2
Suppose -82 = -4*g + 3*d, 6*g + 57 = 9*g - 3*d. Suppose -l + 4 = 0, x + 0*x - 650 = -2*l. Let f = x + -442. What is the highest common divisor of f and g?
25
Let r(z) = z + 0*z + 0 - 5 - 2. Let l be r(9). Suppose 12 = 5*p + l. What is the greatest common factor of p and 14?
2
Let w(y) = -17*y**3 - 4*y - 5. Let f be w(-1). Suppose -t = -f*t + 105. Calculate the greatest common divisor of t and 175.
7
Let c(d) = 2*d**2 - 68*d + 49. Let i be c(34). What is the greatest common divisor of 2597 and i?
49
Let m be (1 - (-7 - 0))*3. Calculate the highest common divisor of m and 228.
12
Let k(g) = -g**3 + 2*g**2 - 3*g + 2. Let a be k(2). Let z = 6 + a. Suppose 19 = z*h - 3. What is the highest common divisor of h and 99?
11
Let u = 892 - 688. What is the greatest common divisor of u and 192?
12
Let u be 9 + (-833)/91 - (-3226)/13. Calculate the greatest common divisor of 93 and u.
31
Let d = -36 + 28. Let i = 34 - d. What is the greatest common factor of 56 and i?
14
Suppose -34*k + 2*x - 34 = -37*k, x = -4*k + 47. Calculate the greatest common divisor of 276 and k.
12
Let g be (225/(-18))/(1/(-2)). Let k = -20 + g. Calculate the greatest common factor of 35 and k.
5
Let w be -37 - 2 - (-2)/(8/12). Let g = w - -46. Calculate the greatest common divisor of 5 and g.
5
Suppose v - 3*v = -4. Let f(r) = r**2 - 34*r + 122. Let h be f(30). Calculate the highest common divisor of v and h.
2
Let o be 85/102*-6 - -17. Let d = -24 - -37. Let t = -1 + d. Calculate the highest common factor of o and t.
12
Let d be (0 - -102) + -5 + 1. Let i = d + -152. Let y be 2/(-9) - 174/i. Calculate the highest common factor of y and 3.
3
Let i be -12*(-5 + (3 - -1)). Let d be (2 + -7 + 4)*i. Let a be (d/36)/(2/(-72)). Calculate the greatest common divisor of 108 and a.
12
Suppose -4*s = 15*s - 7524. Suppose 0 = -31*o + 27*o + s. What is the highest common divisor of o and 11?
11
Let w(j) = -j**3 + 6*j**2 + 2*j + 24. Let v be w(5). What is the highest common factor of v and 767?
59
Let g = 2 - 0. Suppose 2*r + 17 = -3*t + 47, t - g*r = 18. Suppose 11*d + 238 = 15*d - i, -5*d - 2*i = -304. What is the greatest common factor of t and d?
12
Suppose -5*c + 119 = -0*c - 2*q, 0 = -c - 5*q + 13. Let w = 7 - -4. Let h = c - w. Calculate the highest common factor of h and 132.
12
Let c(y) = -15*y - 6. Suppose -4*o = -2*g - 32, 5*g + 12 = 3*o + 2. Let w be 8/20 - 64/o. Let p be c(w). Calculate the highest common factor of 12 and p.
12
Let b(j) = 125*j + 10. Let t be b(3). Suppose -13*c = -8*c - t. What is the greatest common divisor of 11 and c?
11
Let j = 5 + 0. Suppose -4*q = -4*k + 2*k + 108, j*q + 157 = 3*k. Let d = 86 - k. Calculate the greatest common factor of d and 14.
14
Let y be 19/6 - (-37)/(-222). What is the highest common divisor of y and 93?
3
Suppose 5*x - m = 25, 4*m - 26 = 66*x - 67*x. Calculate the greatest common divisor of 438 and x.
6
Let w = -41 + -4. Let x = -38 - w. Calculate the highest common divisor of x and 63.
7
Let d be ((-8)/(-10))/((-2)/(-5)). Let h be (-383)/(-2) + d/4. Suppose h = -0*n + 6*n. Calculate the greatest common divisor of n and 16.
16
Suppose 3*p - 2*v - 299 = 0, -p - v - 2 + 100 = 0. Let h be 50/6 - 22/(-33). Calculate the greatest common factor of h and p.
9
Let g(o) = -o + 10. Let z(f) = -f**2 + 5*f + 19. Let h be z(8). Let r be g(h). What is the highest common divisor of 75 and r?
15
Suppose 2 = 5*m - 23, -5*v + 445 = m. Calculate the highest common factor of v and 286.
22
Suppose 2*b + 2*b = -3*g + 898, -g + b + 304 = 0. Suppose -4*x + 5*o + 655 = 0, -3*o - 187 = -3*x + g. Calculate the highest common divisor of x and 10.
10
Suppose 0 = 21*h - 2*h - 3876. What is the greatest common factor of h and 12?
12
Let n be 2905/(-10)*(4 - (-4 - -18)). Calculate the highest common factor of n and 35.
35
Suppose -4*v + t + 2*t = -136, 0 = 3*v - 4*t - 109. Let p = -39 + v. Let x be ((-8)/5)/(p/300). Calculate the greatest common factor of x and 12.
12
Let q = -21 - -29. Suppose 0 = 8*v - 897 + 193. Calculate the highest common divisor of v and q.
8
Suppose -88 + 22 = 2*c. Let m = c - -69. What is the highest common divisor of m and 18?
18
Suppose 46 = 2*v - 42. Suppose 0 = v*h - 49*h + 525. Calculate the highest common factor of 15 and h.
15
Let p = 431 - 401. What is the highest common divisor of p and 150?
30
Let h = -20 + 32. Calculate the highest common factor of h and 156.
12
Let q be (-26 + 9 - -12) + 7*2. Suppose 130 = 5*b - 5*i, 48 = 3*b + i - 34. Let s be 18/(2 + (-48)/b). What is the greatest common divisor of s and q?
9
Let l(x) = x**2 - 15*x - 33. Let b be l(22). What is the greatest common factor of b and 55?
11
Suppose v = 3*u + 6*v - 290, u = 3*v + 78. What is the greatest common divisor of 20 and u?
10
Suppose 203 = 2*d - 675. Suppose 2*t - 2*q = 153 + 37, -5*t = 4*q - d. Calculate the highest common divisor of 7 and t.
7
Let o be (-44)/(-1) - (-2)/7*-7. What is the highest common divisor of o and 14?
14
Let b(v) = -4 + 2*v**2 - 1 + 4 + 2*v**2. Let x be b(-2). What is the highest common divisor of x and 10?
5
Let x be -40*35/14*-1. What is the highest common factor of 180 and x?
20
Suppose -7 = -2*c - 3. Let n(m) = m**3 + 10*m**2 - 23*m + 30. Let w be n(-12). Calculate the greatest common factor of w and c.
2
Suppose -t = 2*t - 21. Suppose t + 2 = r. Let l = 3 + r. Calculate the highest common divisor of 96 and l.
12
Let p = -369 + 391. Calculate the greatest common divisor of p and 55.
11
Let m(b) = 2*b**2 - 10*b - 23. Let y be m(10). Suppose 4*o + q - 2 = y, 5*o = -3*q + 90. What is the highest common factor of 21 and o?
21
Let m = 12 - 5. Let r(q) = -13*q - 218 - q**2 + 212 + q. Let a be r(-10). What is the highest common divisor of a and m?
7
Let y = 76 - 33. Let d = 48 + y. What is the greatest comm